inder when (2 + -3)*-11 + 0 is divided by n.
5
Suppose -4*y + 31 = -3*j, -3*j = -3*y + 5*y + 7. What is the remainder when 7 is divided by y?
3
Calculate the remainder when 80 is divided by (-191)/(-7) - 7/(49/2).
26
Let j(h) = 6*h. Let m be (6/4)/((-1)/(-4)). What is the remainder when j(m) is divided by 19?
17
Suppose 52 = -100*v + 104*v. Calculate the remainder when 233 is divided by v.
12
Let b be 6*26/4 + -3. Let j = 51 - b. Calculate the remainder when 44 is divided by j.
14
Suppose -q + 11 = -7. Calculate the remainder when q is divided by 6.
0
Let t = 25 - 17. What is the remainder when ((-6)/t)/((-2)/104) is divided by 10?
9
Let n = 58 + -35. Let d(f) = 12 - 5*f + 0*f + f**3 - 3*f - 7*f**2. Calculate the remainder when n is divided by d(8).
11
Suppose 0 = 5*a - 12 - 13. Let k = a - 2. Suppose -k*c = -15 - 39. Calculate the remainder when 35 is divided by c.
17
Suppose 4*n + 134 = 5*m, -27 = -m + 3*n - 9. What is the remainder when m is divided by 11?
8
Calculate the remainder when 7 is divided by -4 + (-54)/(-15) - (-54)/10.
2
Let m be (-68)/(-18) + (-14)/(-63). Suppose 0 = -9*u + m*u + 100. What is the remainder when 59 is divided by u?
19
Let t(w) = 5*w**2 + 3*w - 1. Suppose -5*m + 0*m + 25 = 0. Suppose 0 = m*a - 20 - 25. What is the remainder when t(2) is divided by a?
7
Suppose -5*y + 24 = -y. Calculate the remainder when (22/4)/((-4)/(-8)) is divided by y.
5
Let c be ((-28)/(-3))/((-6)/(-9)). Let d = c - 9. What is the remainder when 19 is divided by d?
4
Let r be 2 - (-2 - -2) - -8. Suppose 3*m - r = m. Calculate the remainder when 7 is divided by m.
2
Let a(m) = m**2 + m - 3. What is the remainder when 6 is divided by a(-3)?
0
Let q(h) = -2 - h + 4 + h + 2*h + 2*h**2. What is the remainder when q(-2) is divided by 2?
0
Let h be (-208)/(-20) - (-9)/15. Suppose 0 = 4*v + 3*y - 44, v - y = -5*y + h. What is the remainder when 30 is divided by v?
8
Let h be (-11 - -10) + 1*3. Suppose 4*w - 2*i - 82 = 0, -w = 5*i + h - 50. What is the remainder when w is divided by 13?
10
Let o = -6 + 8. Let n be (-5 + 4)/(o/(-4)). Let m = -1 + n. What is the remainder when m is divided by 1?
0
Suppose 0 = -4*y - 2*s + 32, 4*y + s + 0*s - 32 = 0. What is the remainder when 15 is divided by y?
7
Suppose 0 = 6*c - 2*c - 104. Let y be (0 - -1)*c + 1. Let f = 42 - y. What is the remainder when 29 is divided by f?
14
Suppose -5*x + 6*x = 28. Suppose -4*y = -8, 5*f - y + 0*y = x. Calculate the remainder when 14 is divided by f.
2
Let q(u) = 2*u**2 - 6*u + 9. What is the remainder when q(6) is divided by 13 - 16 - 30/(-2)?
9
Let p = -364 + 378. Suppose -2*i + 10 = -i. Suppose 4*b - 98 = i. Calculate the remainder when b is divided by p.
13
Suppose 50 = -x + 2*x. What is the remainder when x is divided by 18?
14
Let j be 90/12*16/6. Suppose 4*s = -2*k, k = 4*k - 4*s - j. What is the remainder when 15 - 0/(k + -2) is divided by 8?
7
What is the remainder when 1/(63/62 + -1) is divided by 9?
8
Let d be -4 + 3 + 6/(-1). Let x(q) = q**3 + 8*q**2 + 8*q - 2. Let i be x(d). Let m = 5 - i. What is the remainder when 41 is divided by m?
13
Let l be 57/5 - 2/5. Let r(u) = -7 - 2*u + 0 - 7*u + 0*u**2 + u**2. Calculate the remainder when 29 is divided by r(l).
14
Suppose -2*u = -u. Suppose 7*z - 4*z - 42 = u. Suppose 2*p - 7 = 73. Calculate the remainder when p is divided by z.
12
Let r(x) = 30*x + 1. Let q(h) = -h - 5. Let i be q(-6). What is the remainder when r(i) is divided by 11?
9
Let x(n) = -5*n**3 - n - 1. Calculate the remainder when 17 is divided by x(-1).
2
Suppose -7 + 21 = -a. Let r = -6 - a. Calculate the remainder when r is divided by 3.
2
Suppose k + 3*r = -8, -r - 20 = -4*k - 0*r. Suppose 0 = -3*g + 25 + 14. Calculate the remainder when g is divided by k.
1
Let k(m) = -m**3 + 8*m**2 - m - 12. What is the remainder when k(5) is divided by 15?
13
Suppose -4*b + 50 = -2*a, 2*b - 4*a + 56 = 7*b. What is the remainder when 59 is divided by b?
11
Suppose -40 = -9*f + 5*f. What is the remainder when 37 is divided by f?
7
Let y(a) = 43*a**3 + 2*a - 1. What is the remainder when y(1) is divided by 9?
8
Let x(d) = 3*d. Let r be x(-1). Let h = r - -14. What is the remainder when (-710)/(-35) + 6/(-21) is divided by h?
9
Let h(f) = -f**3 + 5*f**2 - 2*f + 1. Suppose -10 = -3*r + 11. What is the remainder when h(3) is divided by r?
6
Suppose 2*v = 5*p + 38, 0 = -p - 2 - 0. What is the remainder when v is divided by 10?
4
Let q(f) be the third derivative of f**6/40 - f**5/30 - f**4/24 + 3*f**2. Calculate the remainder when q(2) is divided by 2/6 + (-70)/(-15).
4
Let b(s) = 81 + 0*s**2 - 2*s + s**2 - 52. Calculate the remainder when b(0) is divided by 10.
9
Suppose 0 = 3*a - 10 - 110. Suppose -3*z = -a - 5. What is the remainder when 58 is divided by z?
13
Let g(v) = 17*v**3 - v**2 + 2*v - 1. Let d(y) = y + 1. Let t be d(0). What is the remainder when 33 is divided by g(t)?
16
What is the remainder when (-3)/4 - 63/(-4) is divided by 12/(-15)*(-15)/2?
3
Suppose 82*y + 88 = 84*y. Calculate the remainder when 87 is divided by y.
43
Let w = -3 - 13. Let x = 2 - w. Calculate the remainder when 70 is divided by x.
16
Let h(a) = -a**3 + 6*a**2 - 4*a + 2. Let v be h(2). Let n = v - 8. Calculate the remainder when n is divided by 0 + (-1)/(2/(-4)).
0
Let a(v) = v**2 - 4*v + 2. Calculate the remainder when a(-3) is divided by ((-10)/2 - 4)/(-1).
5
Suppose -50 = -5*y + 3*y. Let m = -5 + 9. Calculate the remainder when m is divided by 60/y + (-3)/(-5).
1
Let f = -48 + 84. What is the remainder when f is divided by 13?
10
Suppose -5*b = 4*h - 24, 4*h = 3*b - 0 + 24. Let k(n) = -6*n - 2. Calculate the remainder when k(-3) is divided by h.
4
Calculate the remainder when 172/6*3/2 is divided by 22.
21
Let s be 2/(-8) + 225/20. Let r = -1 + s. Suppose -149 = -5*d - 3*c, 3*d + 5*c = 7*d - 97. What is the remainder when d is divided by r?
8
Let l = -115 - -134. What is the remainder when 32 is divided by l?
13
Let a = 71 + -3. Let w(d) = 23*d**2 + d - 1. What is the remainder when a is divided by w(1)?
22
Suppose 0 = 2*d, -5*p - 45 = -3*d + 4*d. Let l = p - -16. Let g(y) = -y**3 + 6*y**2 + 10*y. What is the remainder when g(l) is divided by 11?
10
Let x be -3*(-5)/(15/2). Suppose 0 = -x*u + 23 + 51. Suppose -2*r + 111 = u. What is the remainder when r is divided by 19?
18
Calculate the remainder when 79 is divided by 158/8 - (-1)/(20/5).
19
Let i = 5 + -6. What is the remainder when 7 is divided by i - (-1*6 - -2)?
1
Let l(v) be the second derivative of v**5/20 - 5*v**4/12 + v**3/6 + v. What is the remainder when 8 is divided by l(5)?
3
Let z(g) = 2*g**2 - 3*g + 3. Let v be z(2). Let h(s) = s**2 - 6*s - 1. Let a be h(v). Let q = a - -8. Calculate the remainder when 6 is divided by q.
0
Suppose -m + 39 = -4*h, 0*h = 2*m - h - 43. Calculate the remainder when 34 is divided by m.
15
Suppose 2*i = 1 + 31. Calculate the remainder when (-285)/6*(-12)/10 is divided by i.
9
Let g(w) = 3 - 3 + 2*w. Suppose 4*v - 7 = 17. Calculate the remainder when 35 is divided by g(v).
11
Let g = 37 + -17. Calculate the remainder when g is divided by 12.
8
Let r be -2 - -1 - 6/(-2). Suppose -8 = -r*x + 4*x, 3*a + x = 107. Calculate the remainder when a is divided by 19.
18
Let l = -5 - -10. Let k = l + 20. What is the remainder when k is divided by 13?
12
Calculate the remainder when 72 is divided by (-3 - -1)*((-148)/8 - -6).
22
Let o = 56 + -5. What is the remainder when o is divided by 18?
15
Suppose 365 = 4*w + 5*x, 0*w - 2*x + 435 = 5*w. What is the remainder when w is divided by 29?
27
Suppose -11 = 5*d - 1, 2*d = 5*c + 36. Let u = -3 - c. Suppose 2*s + 3*a = -2*s + 30, 37 = 3*s - 5*a. What is the remainder when s is divided by u?
4
Suppose 0 = 2*u + u + f - 189, -180 = -3*u + 2*f. Calculate the remainder when u is divided by 13.
10
Suppose -p + 76 = -2*l - 117, 0 = 5*p - 3*l - 930. What is the remainder when p is divided by 37?
35
Let b be 7/3 + (-3)/9. Suppose -3*j = 2*j - 75. What is the remainder when 41 + (-1)/((-1)/b) is divided by j?
13
Let w(l) = -3*l - 20. What is the remainder when w(-9) is divided by 4?
3
Let n be (-2)/(-5) - (-616)/10. Suppose -4*j = -26 - n. What is the remainder when j is divided by (-8)/5*(-6 + 1)?
6
Calculate the remainder when 4/(-10) - (-94)/10 is divided by 10/(1